 1.
19
What is the value of (-162 + 161 - 4) + (0 - (-41 + 1))?
35
Calculate -87 + (-4 - (-40 + -51)).
0
-3 + -2 + -1 + ((6 - 8) + 25 - 12)
5
Calculate 10 + (1 - (5 - (-19 + 14)) - 59).
-58
What is the value of (-3 - (17 + -1)) + (108 - 110)?
-21
What is 91 + -44 - (0 + 14)?
33
Calculate 307 - 258 - (-3 + 72).
-20
What is 692 + -615 + (-58 - 1)?
18
What is 65 + 1 - -2 - (0 + -47 + (-320 - -375))?
60
What is 11 + 22 + -1 + -46 + (54 - -2) - -10?
52
Calculate (4 - -4) + (5 + 2 - ((16 - 24) + 122)).
-99
Calculate -8 - -3 - -5 - (-218 + 308) - -11.
-79
Evaluate (4 + 0 - 10) + 233 + -224.
3
47 - -1 - (3928 + -3931)
51
Calculate 538 + -610 + (37 - 0).
-35
Evaluate -699 + 682 - (-64 - (3 + -9 + 2)).
43
12 - ((119 - 63) + 2 + -4)
-42
What is the value of (21 + -92 - -107) + -103?
-67
What is 7 + (6 - (19 - (10 + -24 + 28))) + -78?
-70
What is -27907 + 27791 + 70 + 0?
-46
What is the value of 0 - -4 - (3 + (-37 - -43)) - 68?
-73
What is 87 + (4 - 1 - (257 + -244)) + 7?
84
Evaluate 0 + -25 - (9 + -5 - 86).
57
What is 94 + (21 + 3 + 4 - 37)?
85
21 + (47 - (-6 + 0 - -9)) - (-1 - 1)
67
(0 + 4 - (3 - 7)) + (-2 - (5 + -3))
4
What is the value of (-23 - (-77 + -39)) + -34?
59
Calculate 19 + -32 + -3 + -19.
-35
What is the value of -30 + (7 - (40 + (-6 - 13)))?
-44
Calculate (0 - (-27 - -3)) + -33 + 15 + -2.
4
-3 + (-2 - -4) + (-65 - -86) + -56
-36
What is the value of (14 + -4 - 2) + 1 + -28?
-19
What is 1 + (-10 - -4) - (14 - 3)?
-16
Evaluate 25 + (-1 - -4 - -1 - (-3 + (39 - 33))).
26
-55 + -56 + 84 + 26
-1
What is the value of -268 + 275 - (17 - -11)?
-21
Evaluate 142 + (-55 - -40) - 49.
78
What is the value of (-8 - 100) + 40 + (-10 - (-5 + 10))?
-83
Evaluate 966 + -957 - ((-36 - -1) + 3 + -1).
42
Evaluate -32 - (-13 - -8) - -10 - (-55 - 18).
56
What is (-39 - -11 - -50 - 10) + -27 + -84 + 2?
-97
Evaluate -586 + 660 - (78 + 11).
-15
What is (-99 - -210) + -61 + 2 + 0 + 0 + -2?
50
Calculate -16 + 88 + (-12 - 30 - -18).
48
Calculate (-22 - 0) + (-78 - -157 - 80).
-23
28 - (103 - (99 + -22))
2
Evaluate 3 + ((-8 - 4) + (-24 - -48) - 13).
2
What is the value of 3 + (-113 - -108 - (-6 - -2)) + (-2 - -8)?
8
What is 2 + (-3 - (-5 - -2)) - (-73 + (51 - 10))?
34
Evaluate (-2 - 5) + -4 + 114 + 32 + -87.
48
Evaluate -36 + (1 - (25 - 59)) + -1 + -28.
-30
What is the value of 1 - 57 - (21 + -21 + (-11 - -3))?
-48
Evaluate -18 + -1 + 4 + -79 + 94.
0
What is the value of -2278 - -2215 - (-159 + 4)?
92
What is 2 + (4 + 65 - (-7 + 1)) + 19 + -31?
65
(7 + -39 - (-9 - 5)) + 21
3
What is -75 + (-97 - -117) + -34 + -1?
-90
Calculate 2 + (2 + 4 - (-9 + 35 + -16)) - -49.
47
(20 - (-2 + 6)) + (7 - 15) + -30 + -14
-36
Calculate 39 - (-75 - -98) - (36 - 1).
-19
Evaluate 77 + -4 + 3 + (-6005 - -6031).
102
Calculate -13 - (-31 - (7 + (-5 - 8 - -2))).
14
What is 89 + -101 + 152 + -92?
48
What is the value of 80 - (56 + -24) - (-14 + 5 - -4)?
53
What is the value of -33 - (-32 + (16 - -14))?
-31
68 + (2 + -61 - -49)
58
Calculate (-16 - -27 - (-27 - -36)) + 45.
47
Calculate -20 - (-26 - (-7 - (10 + -7))).
-4
Calculate 79 + -3 - (48 + -15).
43
Evaluate -30 + 2 - (-132 + 179 + -78).
3
Evaluate (-95 - (-76 - 29)) + (-6 - 1).
3
What is -6 + 0 + (-6125 - -6213)?
82
What is 131 + -199 - (-19 - -4)?
-53
What is 4 + (-22 - -4) + 28 - 55?
-41
(1 - 3 - 6) + 26 + 118 + 22 + -38
120
-43 + ((13 - -26) + -20 - 9 - (12 + -2))
-43
What is -62 + 27 + 12 + -20 + -2 - (-2 + -1)?
-42
What is the value of 14 + -48 + 28 + -10 + -2 + -9?
-27
What is the value of (-6 - -13) + -10 + 22 + (-14 - 21)?
-16
What is 90 - 9 - (-178 - -203)?
56
(-19 + 9 - (-13 - 1)) + -15 + 15
4
Evaluate 0 - -38 - (-161 + 171).
28
Calculate 83 + (-11 - 27 - -21).
66
What is the value of 144 - ((-67 - 19) + 127)?
103
What is -88 + (-6 + (-1 - -5) - (0 + -14)) - 10?
-86
What is (-57 - 0) + (-4 - -50 - 39 - (2 + 0))?
-52
What is (-5 - 37) + -85 + 122?
-5
Calculate 125 + (-141 - -82) + -34.
32
Calculate -6 - ((-116 - -8) + 40).
62
What is the value of -8 + (-21 - 3) + -5 + 8 + 12?
-17
What is 0 - -62 - (-564 + 598)?
28
What is (3 - (2 + 1)) + (306 - 301) - -97?
102
What is the value of -5 + 0 - (-230 - -238 - (1 + -9))?
-21
What is 10 + 0 - (12 - -25 - 43) - -46?
62
What is the value of 12 + 25 + -33 + (5 - 0)?
9
What is -15 + -9 + -62 - -36?
-50
What is (-7 - ((-9 - 12 - -1) + 8) - 11) + -55?
-61
Calculate 2 - (2 + (5 - (-2 - -2)) - 2) - 65.
-68
Evaluate -16 - ((-17 - (-1 + -47)) + -8 - -19).
-58
What is the value of (2 - (13 - 9)) + -20 - (-106 - -87)?
-3
Evaluate (13 + 11 + -18 - 1) + 16.
21
What is the value of 112 + 17 + (467 - 536)?
60
What is 13 + (-16 - (-19 - -26) - -4 - -31)?
25
Evaluate 21 - (-47 + 49 + 39).
-20
Evaluate 19 + -24 + (5 - -5) - ((-12 - -7) + -97).
107
Calculate 2 + 50 + 561 + -643.
-30
Evaluate 0 + 4 - -1 - (31 - (-29 - -54)).
-1
What is (-261 - -253) + (-7 - -36)?
21
-2 - -10 - (-74 + 87) - (-21 + -8 + 7)
17
Calculate 0 + 1 + -13 - (230 - (209 + 18)) - 1.
-16
What is 9 + 0 - (-4 + (9 - (20 - 16)) + 68)?
-60
What is 3 + 20 - (1984 + -1968)?
7
What is the value of -5 + -20 + 7 + (12 + -14 - -4)?
-16
Evaluate -5 - (19 + (-76 + 16 - -20)).
16
What is the value of -21 + (-12 - 4 - (-20 + 67) - 0)?
-84
(1106 - 1095) + (-51 - 2)
-42
Evaluate -23 + 99 + (-107 - -71).
40
Calculate 88 + (-4 + 4 - 55).
33
Calculate 60 + -45 + 143 - 75.
83
Evaluate 0 + -2 + -68 - (-6 - ((-10 - 12) + 20)).
-66
What is -77 + 40 - 23 - -45?
-15
What is (-77 - -21 - -24) + (-101 - -38)?
-95
Evaluate -5 - (70 - ((34 - 12) + 2)).
-51
Calculate (-18 - -16) + (3 - -63) + (-19 - -11).
56
What is the value of 25 + (-20 - (1 + -15)) + 70 - -10?
99
Evaluate -25 - (-62 + 29 + -72).
80
Calculate -2 + (-68 - -25 - (0 - -8)) - (14 + -22).
-45
What is -46 + 16 + (-14 - -54)?
10
6 - (121 + 0 - 6) - (28 - -4 - 46)
-95
What is the value of 1 + 2 + -2 + 1 + 1235 + -1228 + -54?
-45
Calculate (5 - (183 - 2)) + (-785 - -829).
-132
Evaluate -21 - ((20 - 6) + -3 + -3 + 21).
-50
What is -55 + 21 + (24 - 18 - (-10 + 4)) + -24?
-46
What is 80 - (41 + -66) - 50?
55
Calculate 18 + -27 - (21 + 0 + -4 + -1).
-25
-20 - -5 - (-182 - -171) - (2 + -2 - -22)
-26
Evaluate 1 + -2 - (-146 - (-83 + 11) - -187).
-114
What is the value of -263 + 222 + (60 - 28)?
-9
What is the value of (135 - 1) + -35 + (-38 - -127 - 51)?
137
128 + -137 - (-2 + (-4 - -13 - -4))
-20
7 + -86 - -87 - (-59 - -2)
65
Calculate 26 - (-10 - (-7 - 1 - 20)).
8
(10 - 3) + 1 - (-17 - (-13 + -27) - 13)
-2
What is the value of (147 - 163) + 0 + -18 + 0?
-34
Evaluate 12 + -14 + -10 + (-24 - -13 - -21).
-2
-1 + -35 + 13011 + -12913
62
What is the value of 9 + (5 - 12) + 6 + (36 - 55)?
-11
(-185 + 168 - (-2 + -94)) + -3 + -13
63
Calculate 33 + -115 + 185 - 147.
-44
Calculate 9 - 65 - (23 - 68).
-11
Evaluate (29 - (12 + -3)) + (-2 - (7 + -10)).
21
Calculate (-11 - (-14 - 6)) + -13 - -14 - (44 + 2).
-36
Evaluate (-9 - ((-10 - 20) + -15)) + 6 + -3 + 6.
45
What is (-1 - (3 + -5)) + 20 + -2 + 2?
21
(1 - (4 + -15)) + (133 - 121)
24
Evaluate -40 - ((2 - 7) + 37 + -21 - 0).
-51
What is 1 + 23 + (-145 + 75 - -13)?
-33
-2842 - -2839 - (-7 + 1)
3
What is -5 + 10 + -4 + -15 - (0 + -4 + 7)?
-17
What is 4 + -7 + (26 - (-44 + 30))?
37
What is the value of -37 + 13 + 12 - 14 - (-2 + -12)?
-12
What is -25 + (50 - 28) + -1 + -1 - (0 + -51)?
46
What is -1 - (-28 + (9 - -1) + -197 + 186)?
28
(12 - 27) + -13 + (18 - 10)
-20
42 - 21 - ((-25 - -18) + 1 + 0)
27
Evaluate 58 + 1 - (-2 + -4 + (-10 - -2) + 10).
63
23 - (-13 - (31 - 62))
5
-2 + -115 + (138 - -56)
77
What is -26 + (44 - 33) - (98 - -26)?
-139
Evaluate 697 - 663 - (17 - (-3 - -2)).
16
What is -18 + 21 + -52 + 29?
-20
What is -194 + 155 + (-8 - 10)?
-57
What is -27 + (0 - -31 - (33 - 15))?
-14
(15 - 80) + -10 + 156
81
Evaluate (-49 - -109) + -140 + 15.
-65
(62 - (13 - (2 + 13))) + -5 + 0 + 8
67
What is the value of -16 + -91 + (30 - -15)?
-62
Calculate -50 + -12 + 34 + 27 + 17.
16
-5 + (5 + (-17 - -5) - (3 + 0) - -2)
-13
Evaluate 23 - (374 - 376 - (0 + 13)).
38
What is the value of -33 + -59 + 67 + 70?
45
-837 - -823 - (-16 + 5)
-3
What is (0 + -9 - (-141 - -105)) + -1 - -1?
27
Evaluate -1 - 26 - (7 - (-26 - -24)).
-36
What is the value of -6 + (59 - 34) - -14?
33
What is -70 + -3 - (-212 - -145)?
-6
21 + 5 + 64 + -41
49
Evaluate -6 + -2 + -14 + 2 + (-3 - -52).
29
Calculate 65 